Let y(n) = -280*n**3 - 10*n**2 + 9*n + 2. What is y(1)?
-279
Let b(x) = 94*x - 295. Calculate b(6).
269
Let h(w) = 189*w + 154. What is h(-1)?
-35
Let v(s) = -284*s + 2015. What is v(7)?
27
Let v(t) = -309*t - 5865. Give v(-19).
6
Let k(c) = 238*c - 2382. Give k(10).
-2
Let u(x) = 22*x - 135. What is u(7)?
19
Let j(r) = -r**2 + 14*r + 639. What is j(32)?
63
Let q(o) = 18*o - 574. Determine q(15).
-304
Let i(b) = 16*b**3 - b**2 - 5*b - 6. What is i(-2)?
-128
Let z(d) = -d**3 - 8*d**2 - 3*d + 22. What is z(-10)?
252
Let p(u) = 33*u - 395. What is p(9)?
-98
Let h(z) = 2*z**3 + 26*z**2 + 22*z + 262. Determine h(-13).
-24
Let w(n) = -6*n - 66. What is w(-10)?
-6
Let g(k) = -104*k**2 - 327*k - 48. What is g(-3)?
-3
Let l(d) = -280*d - 7860. What is l(-28)?
-20
Let v(l) = 4*l**3 - 26*l**2 + 14*l - 16. What is v(6)?
-4
Let j(u) = -19*u - 144. Calculate j(-7).
-11
Let r(v) = -10*v**2 + 86*v + 35. Calculate r(9).
-1
Let n(j) = 434*j + 1733. Determine n(-4).
-3
Let m(l) = -430*l + 2126. What is m(6)?
-454
Let g(o) = -o**3 - 29*o**2 + 6*o + 861. What is g(-28)?
-91
Let a(t) = -624*t + 19987. What is a(32)?
19
Let b(p) = -82*p + 321. What is b(4)?
-7
Let x(n) = n**3 - 69*n**2 - 150*n + 538. Determine x(71).
-30
Let i(f) = -2*f**3 + 2*f**2 + 25*f - 15. What is i(-6)?
339
Let d(x) = -604*x - 10. Determine d(0).
-10
Let k(d) = d**3 - 3*d**2 - 10*d + 5. Calculate k(6).
53
Let f(k) = 7*k + 264. Determine f(-7).
215
Let p(u) = -4*u**3 - 4*u**2 - 4*u - 2. Give p(-3).
82
Let h(w) = 50*w + 550. What is h(-12)?
-50
Let c(v) = -v**2 - 50*v + 741. What is c(12)?
-3
Let q(g) = -2*g + 37. Give q(6).
25
Let n(l) = -7*l**3 + 35*l**2 + 30*l - 3. What is n(6)?
-75
Let d(i) = 122*i - 22463. Give d(184).
-15
Let y(k) = -193*k - 801. Determine y(-5).
164
Let u(n) = -9*n**2 - 577*n + 156. Determine u(-65).
-364
Let q(o) = o**3 - o**2 - 26*o + 24. What is q(-5)?
4
Let d(q) = -36*q**3 + 140*q**2 + 22*q - 7. Calculate d(4).
17
Let i(l) = 6*l**2 + 9*l. Calculate i(-4).
60
Let k(a) = 26*a + 211. Determine k(-14).
-153
Let y(b) = 11*b + 7. Calculate y(0).
7
Let n(h) = -h**2 - 5*h + 105. Give n(17).
-269
Let d(f) = 181*f + 1452. Give d(-8).
4
Let y(j) = 5*j + 154. Give y(5).
179
Let l(i) = 2*i**2 + 12*i + 82. Determine l(-4).
66
Let p(t) = -56*t + 1497. Calculate p(31).
-239
Let y(b) = 101*b**2 + 1909*b + 12. Calculate y(-19).
202
Let o(c) = -c**2 + 75*c - 581. Calculate o(9).
13
Let m(h) = h**3 - 22*h**2 + 108*h - 25. What is m(15)?
20
Let t(g) = 44*g - 2032. What is t(47)?
36
Let s(y) = -2*y**2 + 3051*y - 54274. Determine s(18).
-4
Let s(t) = t**3 - 79*t**2 - 11*t + 861. What is s(79)?
-8
Let g(h) = -4*h**2 + 476*h - 2287. Calculate g(114).
-7
Let q(o) = -54*o**3 + 16*o**2 + 15*o - 2. Determine q(-2).
464
Let f(d) = -294*d - 4969. Determine f(-17).
29
Let s(y) = 2*y - 338. Calculate s(40).
-258
Let k(h) = 17*h**2 - 47*h - 3. What is k(2)?
-29
Let h(o) = 9*o**2 - 356*o - 54. Determine h(40).
106
Let f(v) = 2*v**3 - 149*v**2 - 79*v + 454. Determine f(75).
154
Let t(l) = -10*l - 3. Calculate t(9).
-93
Let a(j) = -9*j**2 - 335*j - 44. Determine a(-37).
30
Let a(s) = s**3 - 7*s**2 - 9*s - 32. Determine a(8).
-40
Let j(d) = -d**2 - 110*d + 1076. What is j(9)?
5
Let a(b) = -170*b + 1187. What is a(7)?
-3
Let p(w) = 44*w + 90. Calculate p(-3).
-42
Let s(d) = 2*d**2 + 40*d - 1255. Give s(-37).
3
Let i(a) = a**3 + 45*a**2 + 10*a + 443. What is i(-45)?
-7
Let g(q) = 7*q**3 - 23*q**2 - 15*q + 54. Determine g(3).
-9
Let d(w) = w**3 + 14*w**2 + 9*w - 19. Determine d(-12).
161
Let r(h) = -12855*h - 8. Determine r(0).
-8
Let l(q) = 5*q + 6. What is l(-10)?
-44
Let o(f) = 32*f**3 - 2*f**2 - 2*f + 3. Calculate o(-2).
-257
Let m(t) = -234*t + 68101. Give m(291).
7
Let x(f) = -f**3 + 47*f**2 - 116*f + 1161. Give x(45).
-9
Let r(k) = -k**2 - 133*k - 508. Determine r(-4).
8
Let j(a) = -351*a + 5623. Give j(16).
7
Let x(g) = -265*g + 1865. Determine x(7).
10
Let b(f) = -3*f**2 + 124*f + 456. Calculate b(46).
-188
Let y(z) = 5*z**2 + 209*z + 15. Determine y(0).
15
Let b(v) = v**3 + 18*v**2 + 11*v - 723. Determine b(-13).
-21
Let c(t) = -4*t**2 + 403*t + 6932. Determine c(-15).
-13
Let y(l) = -l**3 + 7*l**2 + 18*l - 123. Calculate y(7).
3
Let b(w) = -w**2 + 28*w + 2666. Determine b(-40).
-54
Let w(t) = 2*t**3 + 93*t**2 + 226*t + 284. Determine w(-44).
20
Let t(f) = 5*f**2 + 40*f + 1. Calculate t(-9).
46
Let h(o) = 5*o**2 + 244*o + 471. Determine h(-2).
3
Let l(m) = 149*m + 3527. What is l(-23)?
100
Let i(s) = -2452*s - 51476. Determine i(-21).
16
Let f(v) = v**3 - 22*v**2 - 85*v + 883. Give f(24).
-5
Let r(w) = 56*w + 121. Give r(-4).
-103
Let a(x) = 2*x**3 - 147*x**2 - 78*x + 288. Determine a(74).
-8
Let q(c) = -c**3 - 5*c**2 - 29*c - 53. What is q(-2)?
-7
Let d(l) = l**3 + 13*l**2 - 501*l + 942. Give d(2).
0
Let a(w) = -w**3 + 20*w**2 - 25*w + 26. Give a(19).
-88
Let k(b) = -b**2 - 23*b + 18. Calculate k(-33).
-312
Let o(i) = 3*i**3 + 4*i**2 - 290*i - 874. Give o(-3).
-49
Let w(p) = -2*p**3 - 8*p**2 + 8*p + 25. Determine w(-4).
-7
Let v(p) = p**3 - p**2 - 19. Calculate v(0).
-19
Let u(v) = -84*v - 437. Calculate u(-4).
-101
Let k(j) = 23*j**3 + 1288*j**2 - 16*j - 871. Give k(-56).
25
Let n(h) = -h**3 + 27*h**2 - 92*h - 6. Determine n(24).
-486
Let d(o) = 10*o - 85. Calculate d(8).
-5
Let n(t) = t**3 + 47*t**2 + 2*t + 62. What is n(-47)?
-32
Let h(p) = 145*p + 483. What is h(-5)?
-242
Let o(v) = 15*v**2 - 528*v - 27. Calculate o(36).
405
Let p(j) = -j**2 + 94*j + 505. Give p(-5).
10
Let x(w) = -450*w + 15743. Give x(35).
-7
Let r(x) = -292*x + 957. Give r(4).
-211
Let u(q) = 64*q - 5374. Give u(84).
2
Let i(r) = 5011*r**2 - 10025*r + 2. Give i(2).
-4
Let s(u) = -321*u - 11637. Give s(-36).
-81
Let y(i) = -2*i**2 - 143*i + 613. Determine y(-76).
-71
Let d(o) = 20*o**2 - 254*o + 237. Determine d(1).
3
Let z(a) = -a**3 + 11*a**2 + 5*a + 76. What is z(12)?
-8
Let w(g) = g**2 + 1377*g + 8204. Calculate w(-6).
-22
Let d(j) = j**3 - 43*j**2 + 77*j + 229. Calculate d(41).
24
Let t(x) = -x**3 - 15*x**2 - 22*x - 3. Give t(-10).
-283
Let a(m) = m**3 + 31*m**2 + 229*m - 248. Determine a(-16).
-72
Let i(a) = -27*a - 2650. Calculate i(-102).
104
Let p(b) = -b**3 - 2*b**2 - 3*b - 100. Calculate p(0).
-100
Let x(v) = -9*v - 195. What is x(-25)?
30
Let m(o) = 2*o**2 + 639*o + 7954. What is m(-13)?
-15
Let l(a) = 328*a - 20060. What is l(61)?
-52
Let x(i) = -4*i**2 + 837*i + 3416. What is x(-4)?
4
Let n(h) = 211*h**2 + 2*h. What is n(-1)?
209
Let t(p) = p**3 - 17*p**2 + 25*p - 38. Calculate t(16).
106
Let d(p) = -p**3 + 12*p**2 + 8*p - 26. Give d(12).
70
Let q(i) = -i**2 - 37*i + 49. Determine q(-38).
11
Let b(f) = -39*f + 353. What is b(10)?
-37
Let l(d) = d**3 + 69*d**2 - 222*d - 385. Give l(-72).
47
Let p(k) = 2749*k + 49473. Calculate p(-18).
-9
Let w(v) = -v**3 - 217*v**2 - 1073*v - 2774. Determine w(-212).
-18
Let q(y) = -y**3 - 26*y**2 - 13*y - 362. What is q(-26)?
-24
Let h(q) = -2*q**3 + 8*q**2 - 8*q - 6. Give h(7).
-356
Let q(h) = 2*h**2 - 201*h - 199. What is q(-1)?
4
Let n(t) = t**3 - 3*t**2 - 213*t - 411. Give n(-2).
-5
Let l(h) = -h**2 + h + 45. Determine l(10).
-45
Let p(x) = 9*x**3 - 10*x**2 + 33*x - 7. What is p(3)?
245
Let w(c) = 57*c - 542. Calculate w(9).
-29
Let p(s) = -s**3 + 10*s**2 + 36*s - 11. Calculate p(-3).
-2
Let m(t) = -284*t + 13184. Calculate m(46).
120
Let h(t) = -8*t**2 + 173*t + 708. What is h(-4)?
-112
Let v(u) = u**2 - 470*u + 4120. Give v(9).
-29
Let t(k) = -k**2 + 33*k + 208. Give t(38).
18
Let z(h) = -h**3 - 6*h**2 + 17*h - 7. Calculate z(-9).
83
Let m(r) = -r**3 - 9*r**2 - 129*r - 676. What is m(-6)?
-10
Let i(a) = -11*a**2 + 104*a - 271. Calculate i(6).
-43
Let c(p) = 78*p + 47. Determine c(1).
125
Let a(u) = 9833*u + 19662. Give a(-2).
-4
Let k(h) = -2*h**3 - 38*h**2 + 38*h + 25. Determine k(-20).
65
Let l(o) = -96*o + 1430. Determine l(11).
374
Let k(t) = 6*t**2 + 8*t + 2. Give k(8).
450
Let m(w) = -3*w**2 + 194*w + 2236. Determine m(-10).
-4
Let w(h) = -h**2 - 37*h + 103. Give w(-41).
-61
Let o(n) = 5*n**3 + 169*n**2 + 460*n - 5. Determine o(-3).
1
Let s(g) = -g**3 - 11*g**2 + 7*g - 24. Give s(-12).
36
Let j(y) = 3*y**3 - 6*y**2 - y + 4. What is j(-1)?
-4
Let b(z) = -167*z + 597. Determine b(4).
-71
Let z(t) = -56*t + 2772. Give z(51).
-84
Let s(w) = 2172*w + 2195. Determine